of 122782161?
7
What is the tens digit of 7862953883?
8
What is the ten thousands digit of 7971910025?
1
What is the hundred thousands digit of 7126929169?
9
What is the tens digit of 135136007?
0
What is the millions digit of 21979246?
1
What is the tens digit of 3353622121?
2
What is the hundred thousands digit of 618522032?
5
What is the hundreds digit of 7208393161?
1
What is the ten thousands digit of 43662126?
6
What is the ten thousands digit of 25880201?
8
What is the hundred millions digit of 124048169?
1
What is the ten thousands digit of 171236360?
3
What is the units digit of 186107032?
2
What is the millions digit of 1261526222?
1
What is the units digit of 910412836?
6
What is the tens digit of 536906268?
6
What is the ten millions digit of 107579440?
0
What is the tens digit of 227249816?
1
What is the thousands digit of 318003507?
3
What is the hundreds digit of 2343369409?
4
What is the hundred thousands digit of 21799490?
7
What is the millions digit of 132010300?
2
What is the hundred thousands digit of 929857007?
8
What is the tens digit of 4851974038?
3
What is the millions digit of 36668102?
6
What is the millions digit of 1309003914?
9
What is the units digit of 1378916972?
2
What is the hundred thousands digit of 62164755?
1
What is the thousands digit of 3763721817?
1
What is the thousands digit of 15599189?
9
What is the millions digit of 894029663?
4
What is the hundred thousands digit of 2280140639?
1
What is the hundreds digit of 139022063?
0
What is the hundred millions digit of 250692574?
2
What is the hundreds digit of 41146837?
8
What is the hundred thousands digit of 94148402?
1
What is the ten thousands digit of 30691866?
9
What is the hundreds digit of 9810444?
4
What is the hundred millions digit of 547113634?
5
What is the hundreds digit of 672608588?
5
What is the hundred thousands digit of 29524735?
5
What is the thousands digit of 77673288?
3
What is the thousands digit of 55616843?
6
What is the units digit of 80546929?
9
What is the hundreds digit of 5055226379?
3
What is the thousands digit of 26339397?
9
What is the tens digit of 4331402884?
8
What is the millions digit of 6163289?
6
What is the units digit of 223248699?
9
What is the millions digit of 23426830?
3
What is the ten millions digit of 323392192?
2
What is the tens digit of 67026362?
6
What is the hundreds digit of 4826750019?
0
What is the hundred thousands digit of 29487624?
4
What is the thousands digit of 29399132?
9
What is the hundreds digit of 207141994?
9
What is the hundreds digit of 992098716?
7
What is the ten thousands digit of 3455879?
5
What is the tens digit of 70323810?
1
What is the thousands digit of 3768701925?
1
What is the hundreds digit of 45229363?
3
What is the ten thousands digit of 8048386?
4
What is the tens digit of 25821432?
3
What is the hundred millions digit of 2709390257?
7
What is the thousands digit of 24038532?
8
What is the tens digit of 1742049324?
2
What is the millions digit of 173169147?
3
What is the hundreds digit of 29518744?
7
What is the thousands digit of 11131916?
1
What is the hundred thousands digit of 20837914?
8
What is the hundred thousands digit of 280458797?
4
What is the ten millions digit of 10506695?
1
What is the billions digit of 2455022661?
2
What is the hundred millions digit of 2961191527?
9
What is the hundreds digit of 33317696?
6
What is the ten millions digit of 693281018?
9
What is the ten thousands digit of 76148084?
4
What is the hundreds digit of 25271966?
9
What is the ten millions digit of 1604825281?
0
What is the hundred thousands digit of 482787255?
7
What is the thousands digit of 78200322?
0
What is the millions digit of 507630217?
7
What is the hundreds digit of 5396162795?
7
What is the millions digit of 460913056?
0
What is the ten thousands digit of 474640849?
4
What is the hundred millions digit of 3874403608?
8
What is the thousands digit of 36880563?
0
What is the units digit of 391990577?
7
What is the ten thousands digit of 170454450?
5
What is the thousands digit of 168546560?
6
What is the ten millions digit of 683895325?
8
What is the ten millions digit of 302507645?
0
What is the units digit of 113223621?
1
What is the ten millions digit of 51508834?
5
What is the ten thousands digit of 142385823?
8
What is the thousands digit of 33113740?
3
What is the ten thousands digit of 863195976?
9
What is the hundred millions digit of 305393523?
3
What is the thousands digit of 4354621932?
1
What is the billions digit of 2751734449?
2
What is the units digit of 1273400879?
9
What is the ten thousands digit of 55398692?
9
What is the thousands digit of 255502101?
2
What is the thousands digit of 4786283?
6
What is the hundred thousands digit of 2169743721?
7
What is the millions digit of 191347991?
1
What is the millions digit of 152908654?
2
What is the thousands digit of 1560611771?
1
What is the thousands digit of 67155686?
5
What is the hundreds digit of 204469772?
7
What is the hundreds digit of 1050916319?
3
What is the hundred thousands digit of 2476752607?
7
What is the tens digit of 854397163?
6
What is the hundred millions digit of 133317601?
1
What is the hundreds digit of 2657319404?
4
What is the hundreds digit of 116712217?
2
What is the hundred millions digit of 1328249512?
3
What is the hundreds digit of 153633362?
3
What is the ten thousands digit of 4479596?
7
What is the tens digit of 43088757?
5
What is the thousands digit of 426402375?
2
What is the units digit of 241690205?
5
What is the units digit of 813881126?
6
What is the hundred thousands digit of 18991848?
9
What is the millions digit of 1624869919?
4
What is the thousands digit of 135747230?
7
What is the ten thousands digit of 548748587?
4
What is the ten millions digit of 267300584?
6
What is the hundred thousands digit of 41883422?
8
What is the hundred thousands digit of 2624526?
6
What is the hundred thousands digit of 1523634198?
6
What is the hundreds digit of 546003140?
1
What is the tens digit of 1698027079?
7
What is the hundred thousands digit of 396774101?
7
What is the thousands digit of 177343150?
3
What is the hundred millions digit of 201343534?
2
What is the hundreds digit of 155162540?
5
What is the hundreds digit of 49490435?
4
What is the hundreds digit of 508286405?
4
What is the tens digit of 757482910?
1
What is the hundred thousands digit of 83655221?
6
What is the ten thousands digit of 219611675?
1
What is the hundred thousands digit of 32034217?
0
What is the units digit of 135093287?
7
What is the thousands digit of 52018328?
8
What is the thousands digit of 2288396907?
6
What is the thousands digit of 1460103607?
3
What is the units digit of 705179959?
9
What is the units digit of 80243710?
0
What is the ten thousands digit of 23333647?
3
What is the units digit of 378928824?
4
What is the thousands digit of 180437135?
7
What is the hundreds digit of 3441813128?
1
What is the millions digit of 333650959?
3
What is the thousands digit of 135361352?
1
What is the millions digit of 430415735?
0
What is the hundred thousands digit of 420355558?
3
What is the hundred millions digit of 557643207?
5
What is the tens digit of 64015575?
7
What is the hundreds digit of 33347810?
8
What is the units digit of 121740114?
4
What is the thousands digit of 4993460639?
0
What is the ten thousands digit of 5753980363?
8
What is the millions digit of 177084998?
7
What is the ten thousands digit of 3590946761?
4
What is the hundreds digit of 3005096?
0
What is the tens digit of 295801034?
3
What is the ten thousands digit of 1310217015?
1
What is the tens digit of 89262925?
2
What is the hundreds digit of 233219059?
0
What is the millions digit of 1016042953?
6
What is the ten millions digit of 31414606?
3
What is the thousands digit of 265067661?
7
What is the millions digit of 16839904?
6
What is the millions digit of 3702176341?
2
What is the ten thousands digit of 3535252785?
5
What is the hundred thousands digit of 1978520842?
5
What is the hundreds digit of 249529753?
7
What is the thousands digit of 3030940524?
0
What is the ten thousands digit of 1433632807?
3
What is the millions digit of 11335759?
1
What is the thousands digit of 60967510?
7
What is the t